{"id":5421,"date":"2025-03-20T16:28:09","date_gmt":"2025-03-20T15:28:09","guid":{"rendered":"https:\/\/www.clubdelviatger.cat\/custom_viatges\/sri-lanka\/"},"modified":"2025-03-29T11:14:42","modified_gmt":"2025-03-29T10:14:42","slug":"sri-lanka","status":"publish","type":"viatges","link":"https:\/\/www.clubdelviatger.cat\/en\/viatge\/sri-lanka\/","title":{"rendered":"Sri Lanka, la perla de l&#8217;\u00cdndic"},"content":{"rendered":"<p>El <strong><a href=\"https:\/\/www.clubdelviatger.cat\/\">Club del Viatger<\/a><\/strong> s\u2019endinsa un cop m\u00e9s en els oceans per recon\u00e8ixer en ells la Perla de l\u2019\u00cdndic, Sri Lanka, l\u2019<strong><a href=\"https:\/\/www.elmundo.es\/viajes\/asia\/2024\/01\/12\/65607998fc6c8306248b45e6.html\">antiga Ceilan<\/a><\/strong>. Aquesta illa ex\u00f2tica ens obre les portes a un m\u00f3n de contrastos, on la natura desbordant es fusiona amb una hist\u00f2ria fascinant.<\/p>\n<p>Vine amb nosaltres a viure Sri Lanka. Explorant les impressionants ru\u00efnes de Sigiriya, la majestuosa Roca del Lle\u00f3, que s\u2019al\u00e7a imponent entre la selva i guarda murals i llegendes d\u2019un passat glori\u00f3s.<\/p>\n<p>Endinsar-nos en l\u2019\u00e0nima del pa\u00eds ser\u00e0 un viatge pels sentits! Participarem en la collita del te a les terres altes, coneixent de primera m\u00e0 el proc\u00e9s que converteix Sri Lanka en un dels grans productors de t\u00e8 del m\u00f3n. Assaborirem la seva gastronomia tradicional, amb curris arom\u00e0tics i esp\u00e8cies que ens transportaran a un altre temps. I ens deixarem seduir per la dansa i la m\u00fasica aut\u00f2ctones, expressions d\u2019una cultura que ha sabut conservar la seva ess\u00e8ncia al llarg dels segles.<\/p>\n<p>Tot plegat, en un viatge a un indret que va ser port de pirates i corsaris, terra de pas de comerciants i viatgers de tots els continents, per\u00f2 que mai no ha deixat de conrear la seva saviesa i tradici\u00f3.<\/p>\n\n\n<p><\/p>\n","protected":false},"excerpt":{"rendered":"<p>El Club del Viatger s\u2019endinsa un cop m\u00e9s en els oceans per recon\u00e8ixer en ells la Perla de l\u2019\u00cdndic, Sri Lanka, l\u2019antiga Ceilan. Aquesta illa ex\u00f2tica ens obre les portes a un m\u00f3n de contrastos, on la natura desbordant es fusiona amb una hist\u00f2ria fascinant. Vine amb nosaltres a viure Sri Lanka. Explorant les impressionants [&hellip;]<\/p>\n","protected":false},"featured_media":0,"template":"","p_categories":[3],"p_calendari":[172,175],"class_list":["post-5421","viatges","type-viatges","status-publish","hentry","p_categories-resta-del-mon","p_calendari-calendari-viatges-2026","p_calendari-marc-2026"],"yoast_head":"<!-- This site is optimized with the Yoast SEO plugin v27.5 - https:\/\/yoast.com\/product\/yoast-seo-wordpress\/ -->\n<title>Sri Lanka, la perla de l&#039;\u00cdndic &#8226; Club del Viatger<\/title>\n<meta name=\"description\" content=\"No et perdis aquest meravell\u00f3s recorregut per Sri Lanka, la perla de l&#039;\u00cdndic! Viatge en grup amb tot incl\u00f2s i amb 2 guies!\" \/>\n<meta name=\"robots\" content=\"index, follow, max-snippet:-1, max-image-preview:large, max-video-preview:-1\" \/>\n<link rel=\"canonical\" href=\"https:\/\/www.clubdelviatger.cat\/en\/viatge\/sri-lanka\/\" \/>\n<meta property=\"og:locale\" content=\"en_US\" \/>\n<meta property=\"og:type\" content=\"article\" \/>\n<meta property=\"og:title\" content=\"Sri Lanka, la perla de l&#039;\u00cdndic &#8226; Club del Viatger\" \/>\n<meta property=\"og:description\" content=\"No et perdis aquest meravell\u00f3s recorregut per Sri Lanka, la perla de l&#039;\u00cdndic! Viatge en grup amb tot incl\u00f2s i amb 2 guies!\" \/>\n<meta property=\"og:url\" content=\"https:\/\/www.clubdelviatger.cat\/en\/viatge\/sri-lanka\/\" \/>\n<meta property=\"og:site_name\" content=\"Club del Viatger\" \/>\n<meta property=\"article:publisher\" content=\"https:\/\/www.facebook.com\/clubdelviatger.cat\/\" \/>\n<meta property=\"article:modified_time\" content=\"2025-03-29T10:14:42+00:00\" \/>\n<meta property=\"og:image\" content=\"https:\/\/www.clubdelviatger.cat\/wp-content\/uploads\/2022\/03\/SRI-LANKA-FP-1.png\" \/>\n\t<meta property=\"og:image:width\" content=\"1920\" \/>\n\t<meta property=\"og:image:height\" content=\"1080\" \/>\n\t<meta property=\"og:image:type\" content=\"image\/png\" \/>\n<meta name=\"twitter:card\" content=\"summary_large_image\" \/>\n<meta name=\"twitter:label1\" content=\"Est. reading time\" \/>\n\t<meta name=\"twitter:data1\" content=\"2 minutes\" \/>\n<script type=\"application\/ld+json\" class=\"yoast-schema-graph\">{\"@context\":\"https:\\\/\\\/schema.org\",\"@graph\":[{\"@type\":\"WebPage\",\"@id\":\"https:\\\/\\\/www.clubdelviatger.cat\\\/en\\\/viatge\\\/sri-lanka\\\/\",\"url\":\"https:\\\/\\\/www.clubdelviatger.cat\\\/en\\\/viatge\\\/sri-lanka\\\/\",\"name\":\"Sri Lanka, la perla de l'\u00cdndic &#8226; Club del Viatger\",\"isPartOf\":{\"@id\":\"https:\\\/\\\/www.clubdelviatger.cat\\\/en\\\/#website\"},\"datePublished\":\"2025-03-20T15:28:09+00:00\",\"dateModified\":\"2025-03-29T10:14:42+00:00\",\"description\":\"No et perdis aquest meravell\u00f3s recorregut per Sri Lanka, la perla de l'\u00cdndic! Viatge en grup amb tot incl\u00f2s i amb 2 guies!\",\"breadcrumb\":{\"@id\":\"https:\\\/\\\/www.clubdelviatger.cat\\\/en\\\/viatge\\\/sri-lanka\\\/#breadcrumb\"},\"inLanguage\":\"en-US\",\"potentialAction\":[{\"@type\":\"ReadAction\",\"target\":[\"https:\\\/\\\/www.clubdelviatger.cat\\\/en\\\/viatge\\\/sri-lanka\\\/\"]}]},{\"@type\":\"BreadcrumbList\",\"@id\":\"https:\\\/\\\/www.clubdelviatger.cat\\\/en\\\/viatge\\\/sri-lanka\\\/#breadcrumb\",\"itemListElement\":[{\"@type\":\"ListItem\",\"position\":1,\"name\":\"Viatges\",\"item\":\"https:\\\/\\\/www.clubdelviatger.cat\\\/en\\\/viatge\\\/\"},{\"@type\":\"ListItem\",\"position\":2,\"name\":\"Sri Lanka, la perla de l&#8217;\u00cdndic\"}]},{\"@type\":\"WebSite\",\"@id\":\"https:\\\/\\\/www.clubdelviatger.cat\\\/en\\\/#website\",\"url\":\"https:\\\/\\\/www.clubdelviatger.cat\\\/en\\\/\",\"name\":\"Club del Viatger\",\"description\":\"L&#039;\u00e8xit de qualsevol viatge, \u00e9s una bona companyia\",\"publisher\":{\"@id\":\"https:\\\/\\\/www.clubdelviatger.cat\\\/en\\\/#organization\"},\"alternateName\":\"Club del Viatger\",\"potentialAction\":[{\"@type\":\"SearchAction\",\"target\":{\"@type\":\"EntryPoint\",\"urlTemplate\":\"https:\\\/\\\/www.clubdelviatger.cat\\\/en\\\/?s={search_term_string}\"},\"query-input\":{\"@type\":\"PropertyValueSpecification\",\"valueRequired\":true,\"valueName\":\"search_term_string\"}}],\"inLanguage\":\"en-US\"},{\"@type\":\"Organization\",\"@id\":\"https:\\\/\\\/www.clubdelviatger.cat\\\/en\\\/#organization\",\"name\":\"Club del Viatger\",\"url\":\"https:\\\/\\\/www.clubdelviatger.cat\\\/en\\\/\",\"logo\":{\"@type\":\"ImageObject\",\"inLanguage\":\"en-US\",\"@id\":\"https:\\\/\\\/www.clubdelviatger.cat\\\/en\\\/#\\\/schema\\\/logo\\\/image\\\/\",\"url\":\"https:\\\/\\\/www.clubdelviatger.cat\\\/wp-content\\\/uploads\\\/2024\\\/08\\\/ClubViatger-logo_512x512.png\",\"contentUrl\":\"https:\\\/\\\/www.clubdelviatger.cat\\\/wp-content\\\/uploads\\\/2024\\\/08\\\/ClubViatger-logo_512x512.png\",\"width\":512,\"height\":512,\"caption\":\"Club del Viatger\"},\"image\":{\"@id\":\"https:\\\/\\\/www.clubdelviatger.cat\\\/en\\\/#\\\/schema\\\/logo\\\/image\\\/\"},\"sameAs\":[\"https:\\\/\\\/www.facebook.com\\\/clubdelviatger.cat\\\/\",\"https:\\\/\\\/www.instagram.com\\\/clubdelviatger\\\/\",\"https:\\\/\\\/www.pinterest.es\\\/clubdelviatger\\\/\",\"https:\\\/\\\/www.youtube.com\\\/channel\\\/UCMgt7TAxt_Ci4Y19BPJy28A\\\/feed\"]}]}<\/script>\n<!-- \/ Yoast SEO plugin. -->","yoast_head_json":{"title":"Sri Lanka, la perla de l'\u00cdndic &#8226; Club del Viatger","description":"No et perdis aquest meravell\u00f3s recorregut per Sri Lanka, la perla de l'\u00cdndic! Viatge en grup amb tot incl\u00f2s i amb 2 guies!","robots":{"index":"index","follow":"follow","max-snippet":"max-snippet:-1","max-image-preview":"max-image-preview:large","max-video-preview":"max-video-preview:-1"},"canonical":"https:\/\/www.clubdelviatger.cat\/en\/viatge\/sri-lanka\/","og_locale":"en_US","og_type":"article","og_title":"Sri Lanka, la perla de l'\u00cdndic &#8226; Club del Viatger","og_description":"No et perdis aquest meravell\u00f3s recorregut per Sri Lanka, la perla de l'\u00cdndic! Viatge en grup amb tot incl\u00f2s i amb 2 guies!","og_url":"https:\/\/www.clubdelviatger.cat\/en\/viatge\/sri-lanka\/","og_site_name":"Club del Viatger","article_publisher":"https:\/\/www.facebook.com\/clubdelviatger.cat\/","article_modified_time":"2025-03-29T10:14:42+00:00","og_image":[{"width":1920,"height":1080,"url":"https:\/\/www.clubdelviatger.cat\/wp-content\/uploads\/2022\/03\/SRI-LANKA-FP-1.png","type":"image\/png"}],"twitter_card":"summary_large_image","twitter_misc":{"Est. reading time":"2 minutes"},"schema":{"@context":"https:\/\/schema.org","@graph":[{"@type":"WebPage","@id":"https:\/\/www.clubdelviatger.cat\/en\/viatge\/sri-lanka\/","url":"https:\/\/www.clubdelviatger.cat\/en\/viatge\/sri-lanka\/","name":"Sri Lanka, la perla de l'\u00cdndic &#8226; Club del Viatger","isPartOf":{"@id":"https:\/\/www.clubdelviatger.cat\/en\/#website"},"datePublished":"2025-03-20T15:28:09+00:00","dateModified":"2025-03-29T10:14:42+00:00","description":"No et perdis aquest meravell\u00f3s recorregut per Sri Lanka, la perla de l'\u00cdndic! Viatge en grup amb tot incl\u00f2s i amb 2 guies!","breadcrumb":{"@id":"https:\/\/www.clubdelviatger.cat\/en\/viatge\/sri-lanka\/#breadcrumb"},"inLanguage":"en-US","potentialAction":[{"@type":"ReadAction","target":["https:\/\/www.clubdelviatger.cat\/en\/viatge\/sri-lanka\/"]}]},{"@type":"BreadcrumbList","@id":"https:\/\/www.clubdelviatger.cat\/en\/viatge\/sri-lanka\/#breadcrumb","itemListElement":[{"@type":"ListItem","position":1,"name":"Viatges","item":"https:\/\/www.clubdelviatger.cat\/en\/viatge\/"},{"@type":"ListItem","position":2,"name":"Sri Lanka, la perla de l&#8217;\u00cdndic"}]},{"@type":"WebSite","@id":"https:\/\/www.clubdelviatger.cat\/en\/#website","url":"https:\/\/www.clubdelviatger.cat\/en\/","name":"Club del Viatger","description":"L&#039;\u00e8xit de qualsevol viatge, \u00e9s una bona companyia","publisher":{"@id":"https:\/\/www.clubdelviatger.cat\/en\/#organization"},"alternateName":"Club del Viatger","potentialAction":[{"@type":"SearchAction","target":{"@type":"EntryPoint","urlTemplate":"https:\/\/www.clubdelviatger.cat\/en\/?s={search_term_string}"},"query-input":{"@type":"PropertyValueSpecification","valueRequired":true,"valueName":"search_term_string"}}],"inLanguage":"en-US"},{"@type":"Organization","@id":"https:\/\/www.clubdelviatger.cat\/en\/#organization","name":"Club del Viatger","url":"https:\/\/www.clubdelviatger.cat\/en\/","logo":{"@type":"ImageObject","inLanguage":"en-US","@id":"https:\/\/www.clubdelviatger.cat\/en\/#\/schema\/logo\/image\/","url":"https:\/\/www.clubdelviatger.cat\/wp-content\/uploads\/2024\/08\/ClubViatger-logo_512x512.png","contentUrl":"https:\/\/www.clubdelviatger.cat\/wp-content\/uploads\/2024\/08\/ClubViatger-logo_512x512.png","width":512,"height":512,"caption":"Club del Viatger"},"image":{"@id":"https:\/\/www.clubdelviatger.cat\/en\/#\/schema\/logo\/image\/"},"sameAs":["https:\/\/www.facebook.com\/clubdelviatger.cat\/","https:\/\/www.instagram.com\/clubdelviatger\/","https:\/\/www.pinterest.es\/clubdelviatger\/","https:\/\/www.youtube.com\/channel\/UCMgt7TAxt_Ci4Y19BPJy28A\/feed"]}]}},"_links":{"self":[{"href":"https:\/\/www.clubdelviatger.cat\/en\/wp-json\/wp\/v2\/viatges\/5421","targetHints":{"allow":["GET"]}}],"collection":[{"href":"https:\/\/www.clubdelviatger.cat\/en\/wp-json\/wp\/v2\/viatges"}],"about":[{"href":"https:\/\/www.clubdelviatger.cat\/en\/wp-json\/wp\/v2\/types\/viatges"}],"version-history":[{"count":0,"href":"https:\/\/www.clubdelviatger.cat\/en\/wp-json\/wp\/v2\/viatges\/5421\/revisions"}],"wp:attachment":[{"href":"https:\/\/www.clubdelviatger.cat\/en\/wp-json\/wp\/v2\/media?parent=5421"}],"wp:term":[{"taxonomy":"p_categories","embeddable":true,"href":"https:\/\/www.clubdelviatger.cat\/en\/wp-json\/wp\/v2\/p_categories?post=5421"},{"taxonomy":"p_calendari","embeddable":true,"href":"https:\/\/www.clubdelviatger.cat\/en\/wp-json\/wp\/v2\/p_calendari?post=5421"}],"curies":[{"name":"wp","href":"https:\/\/api.w.org\/{rel}","templated":true}]}}

Sri Lanka, la perla de l&#8217;Índic

<p>El <strong><a href="https://www.clubdelviatger.cat/">Club del Viatger</a></strong> s’endinsa un cop més en els oceans per reconèixer en ells la Perla de l’Índic, Sri Lanka, l’<strong><a href="https://www.elmundo.es/viajes/asia/2024/01/12/65607998fc6c8306248b45e6.html">antiga Ceilan</a></strong>. Aquesta illa exòtica ens obre les portes a un món de contrastos, on la natura desbordant es fusiona amb una història fascinant.</p>
<p>Vine amb nosaltres a viure Sri Lanka. Explorant les impressionants ruïnes de Sigiriya, la majestuosa Roca del Lleó, que s’alça imponent entre la selva i guarda murals i llegendes d’un passat gloriós.</p>
<p>Endinsar-nos en l’ànima del país serà un viatge pels sentits! Participarem en la collita del te a les terres altes, coneixent de primera mà el procés que converteix Sri Lanka en un dels grans productors de tè del món. Assaborirem la seva gastronomia tradicional, amb curris aromàtics i espècies que ens transportaran a un altre temps. I ens deixarem seduir per la dansa i la música autòctones, expressions d’una cultura que ha sabut conservar la seva essència al llarg dels segles.</p>
<p>Tot plegat, en un viatge a un indret que va ser port de pirates i corsaris, terra de pas de comerciants i viatgers de tots els continents, però que mai no ha deixat de conrear la seva saviesa i tradició.</p>


<p></p>

<p>El Club del Viatger s’endinsa un cop més en els oceans per reconèixer en ells la Perla de l’Índic, Sri Lanka, l’antiga Ceilan. Aquesta illa exòtica ens obre les portes a un món de contrastos, on la natura desbordant es fusiona amb una història fascinant. Vine amb nosaltres a viure Sri Lanka. Explorant les impressionants [&hellip;]</p>

<!-- This site is optimized with the Yoast SEO plugin v27.5 - https://yoast.com/product/yoast-seo-wordpress/ -->
<title>Sri Lanka, la perla de l&#039;Índic &#8226; Club del Viatger</title>
<meta name="description" content="No et perdis aquest meravellós recorregut per Sri Lanka, la perla de l&#039;Índic! Viatge en grup amb tot inclòs i amb 2 guies!" />
<meta name="robots" content="index, follow, max-snippet:-1, max-image-preview:large, max-video-preview:-1" />
<link rel="canonical" href="https://www.clubdelviatger.cat/en/viatge/sri-lanka/" />
<meta property="og:locale" content="en_US" />
<meta property="og:type" content="article" />
<meta property="og:title" content="Sri Lanka, la perla de l&#039;Índic &#8226; Club del Viatger" />
<meta property="og:description" content="No et perdis aquest meravellós recorregut per Sri Lanka, la perla de l&#039;Índic! Viatge en grup amb tot inclòs i amb 2 guies!" />
<meta property="og:url" content="https://www.clubdelviatger.cat/en/viatge/sri-lanka/" />
<meta property="og:site_name" content="Club del Viatger" />
<meta property="article:publisher" content="https://www.facebook.com/clubdelviatger.cat/" />
<meta property="article:modified_time" content="2025-03-29T10:14:42+00:00" />
<meta property="og:image" content="https://www.clubdelviatger.cat/wp-content/uploads/2022/03/SRI-LANKA-FP-1.png" />
	<meta property="og:image:width" content="1920" />
	<meta property="og:image:height" content="1080" />
	<meta property="og:image:type" content="image/png" />
<meta name="twitter:card" content="summary_large_image" />
<meta name="twitter:label1" content="Est. reading time" />
	<meta name="twitter:data1" content="2 minutes" />
<script type="application/ld+json" class="yoast-schema-graph">{"@context":"https:\/\/schema.org","@graph":[{"@type":"WebPage","@id":"https:\/\/www.clubdelviatger.cat\/en\/viatge\/sri-lanka\/","url":"https:\/\/www.clubdelviatger.cat\/en\/viatge\/sri-lanka\/","name":"Sri Lanka, la perla de l'Índic &#8226; Club del Viatger","isPartOf":{"@id":"https:\/\/www.clubdelviatger.cat\/en\/#website"},"datePublished":"2025-03-20T15:28:09+00:00","dateModified":"2025-03-29T10:14:42+00:00","description":"No et perdis aquest meravellós recorregut per Sri Lanka, la perla de l'Índic! Viatge en grup amb tot inclòs i amb 2 guies!","breadcrumb":{"@id":"https:\/\/www.clubdelviatger.cat\/en\/viatge\/sri-lanka\/#breadcrumb"},"inLanguage":"en-US","potentialAction":[{"@type":"ReadAction","target":["https:\/\/www.clubdelviatger.cat\/en\/viatge\/sri-lanka\/"]}]},{"@type":"BreadcrumbList","@id":"https:\/\/www.clubdelviatger.cat\/en\/viatge\/sri-lanka\/#breadcrumb","itemListElement":[{"@type":"ListItem","position":1,"name":"Viatges","item":"https:\/\/www.clubdelviatger.cat\/en\/viatge\/"},{"@type":"ListItem","position":2,"name":"Sri Lanka, la perla de l&#8217;Índic"}]},{"@type":"WebSite","@id":"https:\/\/www.clubdelviatger.cat\/en\/#website","url":"https:\/\/www.clubdelviatger.cat\/en\/","name":"Club del Viatger","description":"L&#039;èxit de qualsevol viatge, és una bona companyia","publisher":{"@id":"https:\/\/www.clubdelviatger.cat\/en\/#organization"},"alternateName":"Club del Viatger","potentialAction":[{"@type":"SearchAction","target":{"@type":"EntryPoint","urlTemplate":"https:\/\/www.clubdelviatger.cat\/en\/?s={search_term_string}"},"query-input":{"@type":"PropertyValueSpecification","valueRequired":true,"valueName":"search_term_string"}}],"inLanguage":"en-US"},{"@type":"Organization","@id":"https:\/\/www.clubdelviatger.cat\/en\/#organization","name":"Club del Viatger","url":"https:\/\/www.clubdelviatger.cat\/en\/","logo":{"@type":"ImageObject","inLanguage":"en-US","@id":"https:\/\/www.clubdelviatger.cat\/en\/#\/schema\/logo\/image\/","url":"https:\/\/www.clubdelviatger.cat\/wp-content\/uploads\/2024\/08\/ClubViatger-logo_512x512.png","contentUrl":"https:\/\/www.clubdelviatger.cat\/wp-content\/uploads\/2024\/08\/ClubViatger-logo_512x512.png","width":512,"height":512,"caption":"Club del Viatger"},"image":{"@id":"https:\/\/www.clubdelviatger.cat\/en\/#\/schema\/logo\/image\/"},"sameAs":["https:\/\/www.facebook.com\/clubdelviatger.cat\/","https:\/\/www.instagram.com\/clubdelviatger\/","https:\/\/www.pinterest.es\/clubdelviatger\/","https:\/\/www.youtube.com\/channel\/UCMgt7TAxt_Ci4Y19BPJy28A\/feed"]}]}</script>
<!-- / Yoast SEO plugin. -->

Sri Lanka, la perla de l'Índic &#8226; Club del Viatger

No et perdis aquest meravellós recorregut per Sri Lanka, la perla de l'Índic! Viatge en grup amb tot inclòs i amb 2 guies!

L&#039;èxit de qualsevol viatge, és una bona companyia
